) = 13*m + 8. List the prime factors of h(c).
2, 3, 5
Suppose -69*i - 62*i = -3*i - 3757696. What are the prime factors of i?
31, 947
Let h = 36732 - 23567. What are the prime factors of h?
5, 2633
Let y(a) be the first derivative of a**4/4 + 2*a**3/3 - 3*a**2/2 + 6*a - 119. What are the prime factors of y(5)?
2, 83
Let p(q) = -q**2 - q - 1. Suppose 0 = -c + 1 - 2. Let b(g) = -g**3 + 5*g + 4. Let w(o) = c*b(o) - 4*p(o). List the prime factors of w(-3).
2, 3
Suppose 0*f = 18*f - 1098. Let a = f + 177. What are the prime factors of a?
2, 7, 17
Suppose 0 = -25*m - 21903 + 1064228. What are the prime factors of m?
173, 241
Suppose 0 = -r + 3*r - 6. Suppose -5*s = -5*g + 28 + 52, r = 3*g. Let u = -13 - s. What are the prime factors of u?
2
Let v = 30 + -27. Let u(r) be the first derivative of r**4/2 + r**3/3 - 5*r**2/2 + 7*r + 24. What are the prime factors of u(v)?
5, 11
Let s = 333 - 365. List the prime factors of 79/(((-28)/s)/7).
2, 79
Let c(l) = -61*l**3 + 3*l**2 + 3*l + 17. What are the prime factors of c(-4)?
3, 1319
Suppose -3*i + 1192 = 4*d, -d = -2*i - 0*d + 802. Suppose 3*q = -2*z + 5*q + i, 3*q + 198 = z. List the prime factors of z.
3, 67
Suppose 13*k = 480 - 116. Let x be (-6)/(3*2/(-8)). Suppose -820 + k = -x*u. What are the prime factors of u?
3, 11
Suppose q = -4*g + 29995, 5*q + 29429 = 4*g - 548. List the prime factors of g.
2, 23, 163
Let y be 8 + -5 - (-102 + 0). Suppose m - h + y = 0, -2*m = -3*h + 148 + 63. Let s = 167 + m. What are the prime factors of s?
3, 7
Suppose 21*c - 43111 = 168233. List the prime factors of c.
2, 17, 37
Suppose 3*w - 5*w + 3*m = -2060, -3*w + 3109 = 5*m. What are the prime factors of w?
1033
Let r be (330/36 - 5) + 15/18. Suppose 5*j = r*x - 883 - 5922, -j + 4063 = 3*x. What are the prime factors of x?
2, 3, 113
Let v = 13111 - 7815. What are the prime factors of 2 + 1 + v/16?
2, 167
Let t = 9285 - 2438. Suppose -5*i - x + t = 0, 5*x = 2*i - 1502 - 1253. What are the prime factors of i?
2, 5, 137
Let j = -5469 - -6746. What are the prime factors of j?
1277
Suppose 5*l - 4*p = -6471, 4*p - 3889 = -4*l + 7*l. Let v = l - -1848. List the prime factors of v.
557
Let x be (-1 + 4)/(3/2) - -4. Suppose -591 = 3*j - x*j. List the prime factors of j.
197
Let y = 125 - 121. Suppose 16*q - y*q - 4152 = 0. List the prime factors of q.
2, 173
Suppose -i = -4*o - 3109, -6*i + 3*o + 18759 = -0*o. What are the prime factors of i?
3, 7, 149
Suppose -4*a + 6 = 5*l, -2*a + 4*l + 14 = l. Suppose -8*y + a = 4. Suppose y = -2*o + 5*v + 32, -v + 4*v = 2*o - 24. List the prime factors of o.
2, 3
Suppose 3*k - 6407 = -4*r, 0 = -k - 3*k - r + 8534. Suppose -k = -9*m + 468. List the prime factors of m.
17
Suppose -15 = -w + 5*t, -2*t = 5*w - 3*w - 18. Suppose -z + w = -2*z. List the prime factors of 183/2 + z/20.
7, 13
Let o(z) = -z**3 + 12*z**2 - 21*z + 13. Let m be o(10). Suppose 0*p - p - 2*t = -46, 78 = 2*p - m*t. List the prime factors of 852/2*14/p.
2, 71
What are the prime factors of ((-306)/(-180)*2032 + -6)/((-2)/(-10))?
2, 37, 233
Suppose 3*b - 13794 = -5*n, 4*n + 1161 = 2*b - 8013. What are the prime factors of b?
3, 1531
Let f be 5 + -2 + -1 + -2. Let y = -204 - -206. Suppose -y*l - q + 103 = 0, -l + 29 = -f*l - 4*q. What are the prime factors of l?
7
Let o(d) = -91*d**2 - 6*d + 5. Let c be ((-4)/(-6))/(((-6)/9)/(-1)). Let t be o(c). Let g = t + 157. What are the prime factors of g?
5, 13
Let n be (-12 + 9)*-3*1. Let w be (-2)/(n/((-324)/8)). What are the prime factors of (w/(135/(-370)))/(1/(-3))?
2, 37
Let l = -734 + 751. Suppose l*r = 33*r - 25120. What are the prime factors of r?
2, 5, 157
What are the prime factors of 1024*1*(-20)/(-75)*15?
2
Let n(q) = 2*q**2 - 13*q + 20. Let b be 3*3*10/18. Let v be n(b). Let y(s) = s**2 + s + 4. What are the prime factors of y(v)?
2, 17
Suppose 2*p - y + 1 = 0, y + 3 - 4 = 3*p. Suppose -965*f + 968*f - 978 = p. List the prime factors of f.
2, 163
Suppose -i + 5675 = 4*f, -5*i = f - 8809 - 19528. List the prime factors of i.
3, 1889
Suppose -5*t - 3*d + 7298 = 0, 3*t + 0*d - 4375 = 2*d. What are the prime factors of t?
1459
Let h = 70 - 12. Let q = h + 14. List the prime factors of q.
2, 3
Suppose 2*h = 42*y - 46*y, y + 5*h = 18. List the prime factors of (-24)/60 - (y + (-20241)/15).
7, 193
Let q = -48 + 78. Suppose 0 = -18*c + 24*c - q. Let r(m) = m**3 - 4. What are the prime factors of r(c)?
11
Suppose -15*i + 16*i = -3. Let r(t) = -11*t**3 - 3*t**2 - 10*t + 7. What are the prime factors of r(i)?
307
Let i(w) be the third derivative of w**5/60 - w**4/3 + 7*w**3/3 - 4*w**2 - 6. Let d = 1 + 7. What are the prime factors of i(d)?
2, 7
Let m(p) = 28*p**2 + 3*p - 5. Let u(t) = t - 11. Let n be u(10). Let x(r) = -2*r**3 - r**2 - r. Let l be x(n). List the prime factors of m(l).
113
Let p(b) = 233*b**3 - 8*b**2 + b - 13. List the prime factors of p(3).
7, 887
Suppose 291*v + 165 = 258*v. Let w be (2*1)/((-1)/(-49)). Let d = v + w. List the prime factors of d.
3, 31
Let x(m) = m**3 + 47*m**2 + 19*m - 76. What are the prime factors of x(-36)?
2, 7, 241
Suppose -229 = 15*o - 4. Let w = 11 - 16. What are the prime factors of -1 + w/(o/249)?
2, 41
Let m(s) = 251*s**3 - s**2 + 2*s - 2. Let b be m(1). Suppose -54 = 2*t + 4*d, -5*t + 3*d = -63 + b. What are the prime factors of 2 + -3 - (t + 7)?
3
Let w = -9310 + 15134. What are the prime factors of w?
2, 7, 13
Let n(h) = 25*h - 4. Let t(p) = -126*p + 20. Let r(f) = -28*n(f) - 6*t(f). Let k be r(-3). Let g = -93 - k. What are the prime factors of g?
83
Let j = -1762 + 1866. List the prime factors of j.
2, 13
Let a(q) = -201*q**3 + 5*q**2 + 40*q + 62. What are the prime factors of a(-6)?
2, 17, 1277
Let w = 318 - 348. Let y be (3*2)/(6/39). Let t = w + y. List the prime factors of t.
3
Let h be 216 + 4 - -2 - -3. Suppose -42*s + 45*s = h. List the prime factors of s.
3, 5
Suppose 2*q + 375 - 31 = 0. Let h = q + 277. List the prime factors of h.
3, 5, 7
Let z be -6638*4/(-40) - 16/20. Suppose 305*q + z = 308*q. What are the prime factors of q?
13, 17
Suppose 2*a + 5*k - 456 = 0, 2*a - 4*k - 215 - 277 = 0. Suppose 0 = -3*v + 248 + a. List the prime factors of v.
2, 3
Suppose 10730 + 4344 = 3*g - 25054. List the prime factors of g.
2, 11, 19
Let l = 6 - 22. Let j be ((0 - 0) + -1)*-2 + l. List the prime factors of (191 - 0) + 70/j.
2, 3, 31
Let m = -4600 + 8479. List the prime factors of m.
3, 431
Let b(m) = 5*m**2 - m + 5. Let h(o) = 21*o**2 + 3*o - 19. Let a(k) = 4*b(k) + h(k). Let z = -3 - -4. List the prime factors of a(z).
41
Let j(d) = d**3 + 13*d**2 + 8*d - 5. Let s(l) = -8*l - 9. Let f be s(-5). Suppose 5*v = 3*h - 32 - f, -2*h = -4*v - 50. What are the prime factors of j(v)?
43
Let v be (-3)/2*((-64)/(-24) + -4). Let b be 0 + v - 6/3. Suppose 6*i - i + 375 = 5*r, b = 4*r + 3*i - 272. List the prime factors of r.
71
Let w be 2 - 10/5 - -6. Suppose -j = 5*h - 47, -2 + w = -4*h. List the prime factors of j.
2, 13
Suppose 0 = 3*y - 5*i - 93, 4*i - 7 = 5. Let g(h) = -2*h + 11. Let d be g(21). Let s = y - d. List the prime factors of s.
67
Let y = 4308 + -2354. Suppose 0 = 8*b - y - 950. List the prime factors of b.
3, 11
Let a = -78 + 80. Suppose a*x - 206 = 100. List the prime factors of x.
3, 17
List the prime factors of 2796*4 - ((-102)/17 + 4).
2, 7, 17, 47
Suppose -2*a = -2*t - 562, -3*t = 10*a - 5*a - 1373. List the prime factors of a.
277
Suppose 0 = 3*m - 5*q - 40190, 30*m - 13*m - 227930 = 5*q. List the prime factors of m.
2, 3, 5, 149
Let t = 18576 - 2035. What are the prime factors of t?
7, 17, 139
Let t(q) be the second derivative of q**5/10 + 5*q**4/12 - 2*q**3/3 + 3*q**2/2 + 12*q. Let v be (-1)/(-4) + 22/8. List the prime factors of t(v).
2, 3, 5
Let k(y) = 5*y**3 - 9*y**2 + 54*y - 5. Let m(l) = 4*l**3 - 9*l**2 + 55*l - 4. Let x(i) = -2*k(i) + 3*m(i). What are the prime factors of x(5)?
2, 7, 11
Suppose 31*c + 72380 = 78*c. List the prime factors of c.
2, 5, 7, 11
Let r = -383 - -384. List the prime factors of (2328/(-48))/(r*1/(-10)).
5, 97
Suppose -2*g = -3*b + 903 - 243, -b + 2*g = -220. Suppose l + 3*r - 125 = 0, -5*l + 424 = -4*r - b. List the prime factors of l.
2
Suppose -5*r - 178*q + 50583 = -181*q, -5*r = 4*q - 50576. What are the prime factors of r?
2, 3, 281
Let z be 10/(-70) - 15/(-7). Suppose z*y = 5*o 